 11 = -4*n. Let b be d(o). What is the highest common factor of 76 and b?
4
Suppose 8*x - 24 = 32. Suppose 108 = -3*a + x*a. What is the highest common factor of 1 and a?
1
Suppose -4*r + 7 = -33. Let n be ((-28)/2)/(r/(-100)). Let v be ((-112)/10)/((-70)/(-25) - 3). Calculate the greatest common divisor of v and n.
28
Let w(n) = -10*n - 28. Let d be w(-6). Suppose 0 = -5*g + 3*l + d, -4 = g - l + 3*l. What is the highest common factor of 20 and g?
4
Suppose -7*k = -547 - 188. Let m(w) = -w**3 - 7*w**2 - 36. Let b be m(-9). Calculate the highest common factor of b and k.
21
Suppose 38*a - 3496 = 34*a - 10*z, -3*z = a - 874. Calculate the greatest common factor of 414 and a.
46
Let d(p) = p**2 + 34*p - 264. Let u be d(14). Calculate the highest common divisor of u and 5100.
204
Let n(i) = 4*i**2 - 4. Let d be n(-3). Let u be (1/((-4)/(-14)))/(3/78). Let p be (-2)/(-7) + 8 + 702/u. What is the greatest common factor of d and p?
16
Suppose 5*p + 5*r + 1839 = 2059, r = -2. Suppose 142 = 2*i + 4*w - 46, -2*w + 2 = 0. Calculate the greatest common factor of i and p.
46
Let i(f) = 81*f**2 + 10*f - 20. Let h be i(2). Calculate the greatest common factor of 348 and h.
12
Suppose 2*m = -3*m - 75. Let l be (8/(-18) + 6/(-27))*m. What is the greatest common factor of 45 and l?
5
Let v(a) = -3*a - 20. Let i(q) = -10*q - 79. Let b(y) = -2*i(y) + 9*v(y). Let r be b(-4). What is the highest common factor of 15 and r?
3
Let r be 41/(-82) - ((-22)/4 + 1). Suppose 94 = y + r*c, 2*c - 15 = -y + 77. What is the greatest common factor of y and 18?
18
Let r(i) = 453*i - 4728. Let j be r(11). What is the greatest common factor of 7820 and j?
85
Let t(i) = -29*i - 261. Let g be t(-9). Suppose g = -4*k - z + 208, -4*z + 76 = -5*k + 315. Calculate the highest common divisor of k and 153.
51
Let t be 44*(-541 - 19)/(-16). Calculate the highest common factor of t and 110.
110
Let t(r) = 928*r + 773. Let a be t(4). What is the highest common divisor of a and 585?
195
Let p be (4100/1435)/((7/35)/(154/4)). Calculate the greatest common divisor of 75 and p.
25
Let l be (3 - 14)*2/2. Let s(i) = -2*i**2 - 22*i + 22. Let w be s(l). Let b be (-48)/32*w/(-3). What is the highest common divisor of 11 and b?
11
Let u(y) = 2840*y**2 + 44*y + 43. Let d be u(-1). Calculate the highest common factor of 119 and d.
17
Suppose -5*o - 25 = -3*i, -10 = -4*i + 6*i + 2*o. Suppose -11*m + 636 + 464 = i. What is the greatest common factor of m and 4?
4
Let y be 56*(13 - (-648)/(-56))/1. Calculate the greatest common factor of 1620 and y.
20
Suppose -6*l = -25 - 209. Let p = l + -24. Let q = 1 - -4. Calculate the highest common factor of q and p.
5
Suppose 95*i - 8770 - 14347 = 1963. What is the highest common divisor of i and 297?
33
Let k(f) = 221*f - 407. Let w be k(30). Calculate the highest common divisor of w and 635.
127
Let s(r) = 179*r + 720. Let w be s(24). Calculate the highest common factor of w and 304.
152
Let l(h) = -h + 7. Let n be l(5). Suppose -4*d = -5*d - n*r + 41, -r = 2*d - 73. Suppose 6*j = j + d. Calculate the highest common divisor of 1 and j.
1
Let s(y) = 5*y**3 - 4*y**2 + 7. Let z(n) = n**3 - n. Let i(q) = -s(q) + 3*z(q). Let r be i(3). Let k = r - -40. Calculate the highest common factor of 18 and k.
6
Let z = 1074 - 1055. Let r(k) = -26*k**3 - 2*k - 3. Let s be r(-2). Calculate the highest common factor of z and s.
19
Suppose 32*f = 37*f - 2295. Let p be f/7 - (-6)/14. What is the highest common factor of p and 165?
33
Suppose -4*y + 5*i + 0 - 5 = 0, -2*y + 25 = 3*i. Suppose -2*w + 3*z + 19 = 0, w - 10 - 3 = y*z. Let k = 69 + -5. Calculate the highest common factor of w and k.
8
Suppose -175 = c - 6*c. Let g = -85 - -43. Let y be g/9*138/(-92). Calculate the highest common divisor of c and y.
7
Suppose -14009 = 674*v - 51079. What is the highest common factor of 9933 and v?
11
Let n = 444 - -1876. What is the greatest common divisor of n and 1600?
80
Let b = 195 + -195. Suppose 0*h + 2*h - 520 = b. Calculate the highest common factor of 65 and h.
65
Suppose 5*h + 22 - 97 = 0. Suppose -3*l + 13*w = 18*w - 69, -3*l + 2*w + 48 = 0. Calculate the highest common divisor of h and l.
3
Let j(w) = 2*w**2 - 10. Let x be j(-3). Suppose 125 + 59 = x*i. Let l(f) = -f**2 + 23*f + 12. Let c be l(i). Calculate the greatest common factor of 30 and c.
6
Suppose -2*i - 48 = -2*k + 312, 0 = -k - 5*i + 216. Calculate the greatest common factor of 4 and k.
2
Suppose -18*k + 31*k = 23*k - 17600. What is the greatest common factor of 800 and k?
160
Let i(j) = -3*j + 33. Let w be i(11). Let m be 0 - (-2)/(w + (-4)/(-36)). Suppose m*p = 11*p + 105. Calculate the greatest common factor of 25 and p.
5
Let h(m) = -m**3 + 0*m + 28*m**2 - 21 - 7*m - 23*m + 4*m. Let z be h(27). What is the greatest common divisor of z and 1182?
6
Suppose 15*o - 70 = 335. Let f(l) = 9*l**2 - 3*l + 3. Let u be f(4). What is the highest common divisor of u and o?
27
Let x = -84 + 120. Let f be -6*2/3 - (2 + -588). Let w = f + -578. Calculate the greatest common divisor of x and w.
4
Let g = 19 - 16. Let z be (0 + -55)*((-36)/20)/g. Let d be (-5)/(z/9 - 4). What is the greatest common divisor of d and 120?
15
Let t(u) = -u**3 + 12*u**2 + 22*u - 30. Let c be t(14). Let w be (19/c)/(1/16)*-9. Let z = -402 - -618. What is the highest common factor of z and w?
24
Let z(y) = y**2 - 240*y + 3053. Let w be z(13). Calculate the highest common divisor of 969 and w.
51
Let m = -16 + 16. Suppose -3*w - 7 + 1 = m. Let y be w - (1 - (10 - -3)). What is the highest common factor of 40 and y?
10
Let i = -213 - -76. Let d = i + 225. Suppose -2*f + 21 = -1. What is the highest common divisor of f and d?
11
Suppose 0 = -182*d + 101*d + 7371. What is the greatest common factor of d and 294?
7
Let z(n) = 135*n**3 - n**2 + 44*n - 97. Let m be z(5). What is the greatest common factor of m and 11?
11
Suppose 4*g = -3*p + 6004, -3*g - p - 3*p = -4496. What is the highest common divisor of g and 112?
16
Let n(t) = 2*t**3 - 22*t**2 - 14*t - 90. Let z be n(12). Calculate the greatest common divisor of z and 1100.
10
Let y(i) = -4*i**2 + 23*i - 1. Let n be (8 - 6) + -2 - (-5 - 0). Let s be y(n). Calculate the highest common factor of 7 and s.
7
Let m(k) = 114*k + 3799. Let o be m(115). What is the highest common divisor of 111 and o?
37
Suppose -2*w + 9*w = 63. Suppose w*x = 424 + 170. Calculate the highest common factor of x and 55.
11
Let c be (-12)/(-192) + (-40557)/(-48). What is the highest common divisor of c and 39?
13
Let z(j) be the second derivative of j**5/10 + 14*j**4/3 + 35*j**2/2 + 17*j. Let t be z(-28). Calculate the highest common factor of t and 14.
7
Let s = 199 - 75. Let p = -506 + 532. Let g be (1 - p/4)/((-62)/s). Calculate the greatest common divisor of g and 66.
11
Let g(o) = 2*o**2 - 12*o - 1. Let w be g(8). Let t = w - -140. Suppose 5 = p - 14. Calculate the highest common factor of t and p.
19
Let r = 5013 - 4419. What is the highest common divisor of 726 and r?
66
Let h be 1*-2 - (93 + -99). Suppose 0 = i - 44 - 20. What is the greatest common factor of i and h?
4
Let x(y) = 12*y**2 + 531*y - 95. Let h be x(-47). What is the greatest common divisor of h and 448?
112
Suppose 15*f - 10*f + 3 = -m, 5*m - 13 = 3*f. Calculate the greatest common divisor of m and 22.
2
Let i = -700 + 3178. Calculate the highest common factor of i and 126.
42
Suppose 0 = 11*h - 761 - 713. Suppose 135*v = h*v + 20. What is the highest common divisor of v and 320?
20
Suppose -479*h + 463*h = -3904. Calculate the greatest common factor of h and 1403.
61
Let s = -26244 - -26284. What is the greatest common divisor of s and 170?
10
Let h = -59 - -64. Let a be (h/(-15) - 1/(-3))*-1. Let d be a - (3 + 1) - -118. Calculate the highest common divisor of d and 38.
38
Let r = 177 - 143. Let o = -133 - -199. Suppose 33*b + o = r*b. What is the highest common factor of 165 and b?
33
Let i be (-218)/(-10) - 3/(-15). Suppose -7*y + i + 118 = 0. What is the greatest common divisor of 100 and y?
20
Suppose 0 = a - f - 9, 9 = -4*a - 5*f - 0. Suppose -a*c + 86 - 34 = 0. What is the highest common factor of 143 and c?
13
Suppose -3794 = 16*a - 7586. Calculate the greatest common divisor of 3239 and a.
79
Let z be (-264)/330 - (1049/(-5) - 0). What is the hi